2, 3, 1386097
List the prime factors of 229857077.
3169, 72533
List the prime factors of 374906104.
2, 46863263
List the prime factors of 65178768.
2, 3, 139, 9769
List the prime factors of 415288207.
23, 29, 622621
List the prime factors of 100198675.
5, 293, 13679
List the prime factors of 338852016.
2, 3, 647, 3637
List the prime factors of 29022237.
3, 197, 16369
List the prime factors of 734268874.
2, 47, 251, 31121
List the prime factors of 1118009806.
2, 23, 131, 185531
List the prime factors of 275963531.
1277, 216103
List the prime factors of 461594751.
3, 23, 6689779
List the prime factors of 38868520.
2, 5, 971713
What are the prime factors of 931130042?
2, 465565021
List the prime factors of 35283771.
3, 23, 7411
What are the prime factors of 2589756?
2, 3, 13, 1277
List the prime factors of 3739239531.
3, 359, 42863
What are the prime factors of 3370372356?
2, 3, 13, 607, 35593
What are the prime factors of 2242646040?
2, 3, 5, 2063, 9059
List the prime factors of 2237621289.
3, 41, 499, 36457
What are the prime factors of 41369442?
2, 3, 787, 8761
What are the prime factors of 26890662?
2, 3, 19, 139, 1697
List the prime factors of 2741110384.
2, 171319399
What are the prime factors of 369237704?
2, 11, 4195883
List the prime factors of 73628213.
73628213
What are the prime factors of 1845249409?
1845249409
What are the prime factors of 1109542410?
2, 3, 5, 41, 199, 1511
What are the prime factors of 9221084?
2, 2305271
What are the prime factors of 141741824?
2, 7, 19, 23, 181
List the prime factors of 3301424610.
2, 3, 5, 11, 19, 526543
List the prime factors of 52513514.
2, 26256757
List the prime factors of 2083077842.
2, 3061, 340261
What are the prime factors of 40332500?
2, 5, 13, 17, 73
List the prime factors of 402528544.
2, 11, 311, 3677
List the prime factors of 1267796173.
7, 7853, 23063
List the prime factors of 996982413.
3, 7, 31, 59, 101, 257
What are the prime factors of 24131983?
24131983
What are the prime factors of 877074966?
2, 3, 317, 5693
What are the prime factors of 1395135499?
223, 1723, 3631
List the prime factors of 24823074.
2, 3, 4137179
List the prime factors of 44222992.
2, 11, 37, 6791
List the prime factors of 27130447.
27130447
List the prime factors of 1253356167.
3, 7, 37, 101, 15971
List the prime factors of 6745235445.
3, 5, 13, 379, 10141
List the prime factors of 361878650.
2, 5, 7, 137, 7547
List the prime factors of 4950129213.
3, 83, 2208893
What are the prime factors of 953762740?
2, 5, 7, 31, 219761
What are the prime factors of 1836525075?
3, 5, 7, 11, 163, 1951
List the prime factors of 143287773.
3, 47762591
What are the prime factors of 51823575?
3, 5, 230327
List the prime factors of 53229190.
2, 5, 7, 108631
What are the prime factors of 1277731227?
3, 79, 947, 5693
List the prime factors of 145095017.
17, 23, 371087
What are the prime factors of 1925536598?
2, 151, 6375949
List the prime factors of 280245030.
2, 3, 5, 13, 37, 19421
List the prime factors of 1061066018.
2, 530533009
What are the prime factors of 2901415926?
2, 3, 251, 1926571
List the prime factors of 144249825.
3, 5, 73, 26347
What are the prime factors of 1275337311?
3, 1069, 397673
What are the prime factors of 885524679?
3, 13, 17, 23, 1489
What are the prime factors of 21601887?
3, 7200629
What are the prime factors of 1078211351?
7, 131, 1175803
List the prime factors of 4670184556.
2, 1167546139
List the prime factors of 92101333.
53, 1737761
What are the prime factors of 88647676?
2, 13, 1704763
What are the prime factors of 98918273?
98918273
What are the prime factors of 3985627111?
173, 397, 58031
List the prime factors of 1920658575.
3, 5, 11, 2328071
What are the prime factors of 199050106?
2, 99525053
What are the prime factors of 2538473294?
2, 7, 6329, 28649
What are the prime factors of 120558857?
19, 1213, 5231
List the prime factors of 1450619220.
2, 3, 5, 19, 83, 15331
What are the prime factors of 2202745509?
3, 173, 191, 823
What are the prime factors of 219992492?
2, 29, 31, 131, 467
What are the prime factors of 2863564876?
2, 43, 16648633
What are the prime factors of 18381679?
29, 61, 10391
List the prime factors of 841994492.
2, 210498623
What are the prime factors of 60926551?
7, 937, 1327
What are the prime factors of 3476449516?
2, 869112379
What are the prime factors of 45238508?
2, 7, 1615661
List the prime factors of 1071525803.
1071525803
What are the prime factors of 11328879?
3, 29, 197, 661
List the prime factors of 81148270.
2, 5, 7, 83, 13967
List the prime factors of 40151213.
40151213
What are the prime factors of 633044613?
3, 211014871
List the prime factors of 18720594.
2, 3, 37, 28109
What are the prime factors of 754100300?
2, 5, 61, 181, 683
What are the prime factors of 5890721717?
50923, 115679
What are the prime factors of 281316894?
2, 3, 647, 72467
What are the prime factors of 8017900403?
59, 433, 313849
What are the prime factors of 51261633?
3, 43, 67, 659
What are the prime factors of 96266369?
19, 173, 29287
What are the prime factors of 4869869463?
3, 541096607
What are the prime factors of 15508606?
2, 89, 151, 577
What are the prime factors of 2160124030?
2, 5, 563, 383681
What are the prime factors of 298578934?
2, 67, 2228201
List the prime factors of 28742929.
503, 57143
What are the prime factors of 25610196?
2, 3, 2134183
What are the prime factors of 81578709?
3, 9064301
List the prime factors of 65705815.
5, 7, 373, 719
What are the prime factors of 1181437298?
2, 43, 13737643
What are the prime factors of 254728891?
31, 257, 31973
List the prime factors of 523002109.
7, 41, 1822307
List the prime factors of 5592516.
2, 3, 466043
List the prime factors of 227270450.
2, 5, 11, 17, 109, 223
List the prime factors of 2500755260.
2, 5, 29, 37, 116531
List the prime factors of 33452151.
3, 43, 211, 1229
List the prime factors of 674002696.
2, 53, 89, 337
List the prime factors of 20843071.
17, 1226063
What are the prime factors of 11510215?
5, 2302043
List the prime factors of 3816932636.
2, 11, 86748469
What are the prime factors of 521881511?
397, 1314563
What are the prime factors of 69731677?
677, 103001
List the prime factors of 2734062947.
7, 11, 724639
List the prime factors of 548958526.
2, 17, 19, 23, 36947
What are the prime factors of 41580211?
41580211
List the prime factors of 3091253431.
7, 19, 283, 82129
What are the prime factors of 90997085?
5, 23, 599, 1321
List the prime factors of 35090367.
3, 13, 899753
What are the prime factors of 27973784?
2, 3496723
List the prime factors of 246888516.
2, 3, 7, 2939149
What are the prime factors of 67860420?
2, 3, 5, 1031, 1097
List the prime factors of 1511798683.
73, 20709571
List the prime factors of 381182740.
2, 5, 41, 464857
What are the prime factors of 197198729?
7, 13, 2167019
What are the prime factors of 8487216?
2, 3, 17, 3467
What are the prime factors of 34334230?
2, 5, 7, 571, 859
What are the prime factors of 1851125803?
311, 743, 8011
List the prime factors of 2520215112.
2, 3, 105008963
What are the prime factors of 806519091?
3, 7, 38405671
List the prime factors of 5891210050.
2, 5, 11, 41, 261251
List the prime factors of 22875279.
3, 7, 1089299
What are the prime factors of 21725722?
2, 10862861
List the prime factors of 292075618.
2, 146037809
List the prime factors of 111465653.
13, 167, 51343
What are the prime factors of 47447509?
29, 1636121
What are the prime factors of 679787961?
3, 226595987
What are the prime factors of 2481426518?
2, 41, 30261299
List the prime factors of 746908244.
2, 186727061
What are the prime factors of 234786296?
2, 821, 35747
What are the prime factors of 5543141012?
2, 12239, 113227
What are the prime factors of 2042338045?
5, 11, 37133419
List the prime factors of 838919983.
11, 41, 15373
What are the prime factors of 27494912?
2, 83, 647
List the prime factors of 78626303.
7, 11232329
What are the prime factors of 35376878?
2, 17688439
List the prime factors of 2227177941.
3, 742392647
List the prime factors of 42731329.
2377, 17977
List the prime factors of 407896682.
2, 203948341
What are the prime factors of 546297090?
2, 3, 5, 61, 137, 2179
List the prime factors of 727449.
3, 242483
List the prime factors of 17710332.
2, 3, 